(c). What is the greatest common factor of 77 and h?
11
Suppose 3*c = 3*l + 135, 2*c + 3*l = 4*l + 87. Let v(t) = 30*t**2 - 2*t. Let r be v(1). Calculate the greatest common factor of c and r.
14
Let x(s) = 4*s**2 + 4*s + 2. Let j be x(-2). Let u = j + -9. Suppose -3*y - 121 = -4*m + u, -3*y + 6 = 0. Calculate the highest common factor of m and 80.
16
Suppose -m + 3*j = -312, -m - 4*j + 175 = -102. What is the greatest common factor of m and 27?
27
Let b(p) = p**3 + 6*p**2 - p - 7. Let u be b(-6). Let m = 1 - u. Calculate the highest common factor of m and 4.
2
Suppose 0 = 2*r - 4*r - 10, 3*r = b - 39. Let z be -8 + 9 - (0 - 5). Calculate the highest common divisor of z and b.
6
Suppose -4*s - 4*b + 188 = 24, 4*s = -5*b + 169. What is the highest common factor of s and 24?
12
Let m = -7 - -9. Suppose -m*w + 1160 = 3*w. What is the greatest common factor of w and 29?
29
Suppose 0 = -3*i + 58 + 14. Calculate the greatest common divisor of 6 and i.
6
Let b = -62 + -13. Let w = -35 - b. Calculate the highest common divisor of 10 and w.
10
Let g = -89 + 93. What is the greatest common factor of g and 36?
4
Let q(m) = m**3 - 4*m**2 + 1. Let z be q(4). Suppose -4*w = -2*y - 10, -w = y - z - 3. Calculate the highest common factor of w and 3.
3
Suppose 10 = p - 18. Calculate the greatest common divisor of p and 4.
4
Suppose -3*n + 0*d = -4*d - 44, 2*n - 4*d = 24. Let s = n + -9. Suppose 3*l = -4*p + s, -69 = -5*l + 5*p - 4. What is the greatest common divisor of l and 54?
9
Let l be 126/(-21)*(-30)/4. Let i = -13 + 22. Calculate the greatest common divisor of l and i.
9
Let k be -1 + (3 - 0 - -2). Suppose 0*b + k*b = 352. Suppose f = -4*f + 55. Calculate the highest common divisor of f and b.
11
Let f = -3 - 7. Let i be (4/f)/(1/(-10)). Suppose 2*m = -4*z + 26, -3*z = -8*z - m + 31. What is the highest common divisor of i and z?
2
Suppose -p + j - 10 = 0, -4*p - 75 = 2*j - 17. Let k = p - -27. What is the greatest common factor of k and 98?
14
Let z(v) = v**2 + 4*v - 14. Let s be z(-10). Let j = s + -26. What is the highest common divisor of 5 and j?
5
Let t(j) = j**3 - 16*j**2 + 21*j + 6. Let i be t(15). What is the greatest common divisor of i and 16?
16
Let j = 21 - -33. What is the greatest common factor of j and 18?
18
Let j(u) = -u - 3. Let z be j(-9). Let y be (24/4)/((-2)/(-6)). What is the greatest common factor of z and y?
6
Let j = 1 - -7. Suppose 0 = -10*c + 5*c + 5. Calculate the highest common divisor of c and j.
1
Let k(o) = 2*o - 9 + 7*o - 1. Let w be 8 + 3 + (-3 - -2). Let b be k(w). What is the highest common factor of 32 and b?
16
Let w(y) = 11*y. Let k be (18/(-8))/((-15)/40). Let d = k - 4. Let u be w(d). What is the highest common factor of u and 33?
11
Let a = 99 + -43. Suppose -m = 15*w - 17*w + 12, 0 = 3*m - 12. Calculate the highest common divisor of a and w.
8
Let k(x) = x**3 - 6*x**2 + 5*x - 10. Let a be k(6). Let p(f) = 15*f + 5. Let v be p(5). What is the greatest common divisor of v and a?
20
Suppose -4*u - 4*y + 23 = -301, -2*u + 156 = 5*y. Let i = -47 + u. Calculate the highest common factor of i and 24.
12
Let s be (-4)/(-20) - (-6236)/20. Calculate the highest common divisor of 52 and s.
52
Let x = -77 - -119. Calculate the greatest common factor of 105 and x.
21
Let z(t) = t**3 + 3*t**2 + 2*t + 12. Let d be z(-3). What is the greatest common factor of d and 66?
6
Let y(p) = -p**2 - 5*p. Let v be y(-5). Let x be 1*3/6*v. Let s be x - (-30)/(-1)*-1. Calculate the greatest common factor of 15 and s.
15
Let o(r) = -8*r + 4. Let p be o(-1). What is the highest common divisor of 30 and p?
6
Suppose -4*j - 113 = 143. Let m = j + 152. Let t be (3/6)/(2/32). Calculate the greatest common divisor of t and m.
8
Let f = -11 - -15. Let k = -3 + f. Suppose m - 9 = -1. What is the highest common factor of k and m?
1
Let x = 39 - 37. Calculate the greatest common divisor of x and 16.
2
Suppose 10*m = 15*m - 100. Calculate the greatest common divisor of 20 and m.
20
Let h = 28 - 8. Let i(v) = -v**2 + 9*v - 9. Let m be i(7). What is the greatest common divisor of h and m?
5
Suppose 3*u - 9 = 2*r + r, 5*u - 2*r - 12 = 0. Suppose 3*m - 3*k - 33 = 0, 4*m + k + 0*k - 19 = 0. Calculate the greatest common divisor of u and m.
2
Let j = 67 - 13. Suppose -2*h = -2*m - j, -17 = -3*h - 5*m + 40. What is the greatest common divisor of 60 and h?
12
Let z = -25 + 97. What is the highest common factor of z and 8?
8
Let d = 10 - 8. Suppose -8*f = -3*f + 20, -d*x = 4*f + 8. Suppose -4*v - 32 = -6*v. What is the highest common factor of v and x?
4
Let o = -95 + 107. Calculate the greatest common divisor of 36 and o.
12
Let t = -36 - -41. Calculate the highest common divisor of t and 55.
5
Suppose 2*v = 5*m + 43, -19 + 3 = -2*v - 4*m. What is the greatest common factor of v and 14?
14
Let i = 22 - 31. Let m = 3 - i. Suppose 3*g - m = 0, 0*n - 3*n + 18 = 3*g. Calculate the highest common divisor of n and 6.
2
Let u(w) = w**2 + 6*w - 4. Let h be u(-8). What is the highest common divisor of h and 60?
12
Let g = 10 - 4. Suppose 5*h = -4*j + 29, 0*h + 3*j - g = -2*h. What is the greatest common factor of 81 and h?
9
Let q(v) = v. Let b be q(4). Suppose -5*j = 14 - 34, -5*j + 26 = 3*h. Let x be h/(-5) - (-216)/90. Calculate the greatest common factor of b and x.
2
Let f(k) = -4*k - 43. Let z be f(-12). Suppose 4*b + 4*a - 60 = 0, 0 = -2*a - 3 + 13. Calculate the greatest common factor of z and b.
5
Let h be 26 - (0 - 2)*1. Calculate the highest common divisor of h and 7.
7
Suppose 2*u + 3*u = -4*x + 44, -2*u = -x - 28. What is the greatest common factor of 18 and u?
6
Let a = -16 + 30. Let u(h) = -20*h + 1. Let q be u(-4). Suppose -q + 18 = -3*k. Calculate the greatest common factor of a and k.
7
Let h be (1/1)/(9/378). Calculate the highest common divisor of h and 63.
21
Let y(d) = -d**3 + 16*d**2 - 22*d + 18. Let w be y(14). Calculate the greatest common divisor of w and 51.
51
Suppose 3*l - 86 = -2*l + 3*h, 3*l = -5*h + 38. Calculate the greatest common factor of l and 144.
16
Suppose -4*f - 2 = -x - 0*x, 3*x = -4*f + 6. Suppose 16 = 2*p - 0*p. What is the highest common factor of p and x?
2
Suppose b = 4*j - 442, -j + 3*j + 5*b - 210 = 0. Let f be 7*1 + (-5 - -7) + 1. Calculate the highest common factor of j and f.
10
Suppose 3*n - 4*n = -24. Calculate the greatest common factor of 36 and n.
12
Let z = -142 - -208. What is the greatest common factor of z and 6?
6
Let g(z) = -z**2 + 2*z + 4. Let v = -8 + 11. Let r be g(v). Suppose -t - r = -3. What is the highest common factor of 2 and t?
2
Let s(a) = -a**3 + 11*a**2 + 3*a + 8. Let u be s(7). Calculate the greatest common factor of 25 and u.
25
Let w be 3 - (-1 + 3 + 0). Let l(y) = y**2 - y - w + 3*y + y - 4. Let v be l(7). What is the highest common factor of v and 13?
13
Suppose 2*g = 5*g - 24. Let t = 113 + -49. Calculate the highest common factor of g and t.
8
Let c(v) = -7*v - 14. Let u be c(-4). Let j = -33 + 75. What is the greatest common factor of u and j?
14
Suppose -3*u = -u - 2*z + 26, 0 = 5*u + 4*z + 110. Let h = u + 66. Calculate the highest common divisor of 16 and h.
16
Let v be (2 - 0/3)/2. Suppose -3*g + 18 + 12 = 0. Let u be g + 0 - (2 - v). Calculate the highest common divisor of 9 and u.
9
Let h(x) = x + 4. Let t be h(-4). Let j = t - -24. Calculate the highest common factor of j and 16.
8
Let o = 42 - -12. What is the greatest common factor of o and 27?
27
Suppose -3 = n + 2*n. Let p = 8 + n. What is the highest common divisor of 1 and p?
1
Let v(d) = 2*d + 6. Let g be v(11). What is the greatest common divisor of g and 56?
28
Suppose 27 + 261 = 4*d. Calculate the greatest common divisor of d and 36.
36
Let g be -1 + -1 + 5/1. Let o(n) = n**3 - n**2. Let j be o(g). Let p(c) = -2*c + 2. Let l be p(-17). What is the highest common divisor of j and l?
18
Let i(y) be the first derivative of -y**2/2 + 13*y + 8. Let h be i(-6). Calculate the greatest common factor of h and 38.
19
Let y be 4/14 + 33/7. What is the greatest common factor of 20 and y?
5
Let w = 7 + 34. Calculate the greatest common divisor of 328 and w.
41
Suppose -6*f - 312 = -2*f. Suppose -4*a + 215 = -313. Let u = a + f. Calculate the highest common divisor of 6 and u.
6
Let g(j) = j**2 - 9*j + 17. Let i be g(4). Let 